st common factor of y and 2000?
16
Let i(t) = 5*t + 6. Suppose 222 = 2*m + 210. Let v be i(m). What is the greatest common factor of v and 60?
12
Let z(n) = 8*n**3 + 63*n**2 + 13*n + 48. Let o be z(-7). Calculate the highest common factor of 500 and o.
100
Let c = -89 + 93. Let j be (-202)/(-3) - c/(-6). Calculate the greatest common factor of 884 and j.
68
Suppose 3*d + 4*w = 8771, -2*d + 8*w + 5847 = 11*w. What is the greatest common factor of d and 455?
65
Let y(c) = -11*c - 8. Let o be y(-2). Suppose 6*l = o*l - 640. Calculate the highest common divisor of l and 16.
16
Suppose 0 = 4*f + 5*i - 3, 2*f - 5*f = 3*i - 3. Suppose 0 = 3*m + 3*l - 336, f*l + l = -15. Let a = -42 + 55. What is the greatest common factor of m and a?
13
Let l = 3972 - 3309. What is the highest common factor of l and 4420?
221
Let n(x) = -11*x - 1. Let c(i) = -21*i - 4. Let l(w) = -3*c(w) + 5*n(w). Let y be l(16). What is the highest common factor of y and 27?
27
Let a be 3205*1*69/46*(-8)/(-5). Calculate the greatest common factor of a and 12.
12
Suppose 20 = -12*n + 16*n, 0 = -5*j - n - 15. Let s be 128 + -2 + 0 + j/2. Calculate the greatest common divisor of s and 31.
31
Let m = 8074 - 8004. Calculate the highest common divisor of 9590 and m.
70
Suppose 88*n - 572 - 1152 = 2060. Calculate the highest common factor of 58 and n.
1
Let m(h) be the third derivative of -17*h**4/6 - 14*h**3/3 - 2*h**2. Let i be m(-3). What is the highest common factor of i and 16?
16
Let p be 1*3/9*-57. Let j be (22 + p)*(34/6 + 0). Calculate the greatest common divisor of 289 and j.
17
Let w be (15/10 - -3)/(2/12). Let u = 19 - w. Let b be 24/8*(-2 - u). Calculate the greatest common factor of 144 and b.
18
Let c(s) = 2*s**2 - 13*s + 13. Let g be c(5). Let d be g - ((-68)/6 - (-4)/3). Calculate the greatest common divisor of 24 and d.
8
Let z(a) = -a**3 - 48*a**2 - 565*a + 21. Let h be z(-20). What is the greatest common factor of 2783 and h?
121
Suppose 11*r - 209 - 759 = 0. Suppose 52 = 4*x - r. What is the highest common factor of x and 10?
5
Let b = -853 - -1227. Suppose b = -6*c + 8*c. Suppose 14*a = 15*a - c. Calculate the highest common divisor of 17 and a.
17
Let d = 60 + -225. Let p = d - -230. Calculate the greatest common factor of p and 10.
5
Let f = 54 + -22. Let m be 30/(1 - (-18)/(-72)). Calculate the greatest common factor of m and f.
8
Suppose 94*c - 56*c + 6080 = 57*c. What is the greatest common divisor of c and 250?
10
Suppose 5*y - 2*t - 300 = 0, 3*y - 77 = 2*t + 103. Calculate the greatest common divisor of y and 1220.
20
Let k(d) = -d**3 + 6*d**2 - 4*d - 2. Let c be k(4). Suppose 34*t + 1023 = 37*t + 3*b, -9*t - 5*b + 3049 = 0. Calculate the greatest common divisor of t and c.
14
Suppose -v = -5*k - 225, -2*v = 6 - 16. Let x be 2/((-152)/846 - k/198). What is the greatest common divisor of 799 and x?
47
Suppose 34441 + 95735 = 22*w + 50*w. Calculate the greatest common divisor of w and 16.
16
Let h(d) = d**2 - 12*d + 16. Let q be h(11). Let r(g) = g**2 - 2*g + 7. Let l be r(5). Let u = -2 + l. What is the highest common factor of u and q?
5
Let x = -19505 - -19701. What is the highest common divisor of x and 532?
28
Let g be 153/12*208392/23307. Let x be 37 + ((-2)/(-2))/1. Calculate the highest common divisor of x and g.
38
Let b be 87/116 + (-9)/(-4). Suppose -b*l = -l + 6, u + 2*l = -2. What is the greatest common divisor of u and 68?
4
Let s(a) = 500*a - 1945. Let z be s(8). What is the greatest common divisor of 105 and z?
15
Suppose -4*y = 4*c + 12, c = -5*y + 4*c + 25. Let t(b) = -b**y + 0 + 4 - 5 + 14*b. Let n be t(12). What is the greatest common factor of 207 and n?
23
Suppose 5*u - 65 = 110. Let k = -31 + u. Suppose k*a - 35 = -a. Calculate the highest common factor of a and 56.
7
Let u be (1/(-2))/(2/(-48)). Let o = 6893 + -6869. Let v = o - u. What is the highest common divisor of v and 3?
3
Let n = -18503 - -21971. Calculate the highest common factor of 714 and n.
102
Let l(u) = -10*u**2 + 850*u + 120. Let q be l(85). What is the greatest common divisor of 1160 and q?
40
Let f(x) = -2*x**3 - 61*x**2 + 127*x + 206. Let l be f(-33). What is the greatest common factor of l and 20?
20
Let z = -2541 - -2606. What is the highest common factor of 3263 and z?
13
Suppose 0*h - 4*h = -10*h + 138. Let g = 37 + 630. Calculate the highest common factor of h and g.
23
Let k be 95000/40*(3 - (-14)/(-5)). What is the greatest common divisor of 418 and k?
19
Let n(l) = 7*l**2 + l - 1. Let c be n(1). Let g(m) = -m**2 + 6*m + 6. Let r be g(-3). Let k be (r/1)/(0 + -1). Calculate the greatest common factor of k and c.
7
Let v = -13 + 18. Suppose -4*i - 6 + 18 = v*m, 6 = -3*i. Suppose -m*s + 0*z = 3*z - 18, 5*z + 5 = 5*s. Calculate the highest common factor of s and 27.
3
Let z be (-118)/(-7) - 352/(-308). Let i be 57 + (-20)/(-5) + 2. Calculate the highest common divisor of i and z.
9
Suppose 2*d + 7*r - 4*r = 6267, r - 3 = 0. Calculate the greatest common factor of 147 and d.
21
Let n(u) = u**3 - 4*u**2 - 7*u + 10. Let c be n(7). Let o = -1446 - -1461. Let y be c/o - -2*2/(-20). What is the highest common divisor of y and 49?
7
Let v(a) = a**3 - 10*a**2 + 13*a + 85. Let h be v(23). Calculate the highest common divisor of 411 and h.
137
Let s(x) = 8*x + 57. Let k(b) = 7*b + 56. Let y(f) = 6*k(f) - 5*s(f). Let l be y(0). Suppose v = 102 + l. What is the greatest common divisor of 9 and v?
9
Suppose -b - 3 = -2*n + 1, 0 = -3*b + 5*n - 7. Let g be (464/10 + -2)/(b/15). Suppose -g = -2*p + 71. What is the highest common divisor of 13 and p?
13
Suppose 32*j - 13900 - 12521 = -6869. What is the highest common factor of j and 39?
13
Let m(h) = -3*h - 38. Let q be m(30). Let z be (-4)/10 + 124/10. Let y = z - q. What is the highest common factor of y and 14?
14
Suppose 0 = -38*n + 16*n - 19*n + 28413. What is the greatest common factor of 3069 and n?
99
Let l(m) = 7*m - 5*m - 5 + 4*m. Let k be l(8). Let a = -37 + k. Calculate the greatest common factor of 2 and a.
2
Suppose 10 = 5*j, 0 = 4*y - 380*j + 384*j - 36. Calculate the highest common divisor of y and 2779.
7
Suppose -3*b + 5 = -2*d, 5*b = 6*b + 2*d - 7. Let c(h) = -10*h**2 - 3*h + 7. Let y be c(b). Let r = 106 + y. Calculate the greatest common factor of r and 14.
14
Suppose 0 = -3*a - 2*a - 2*t + 45, -6*a = 5*t - 67. What is the highest common factor of a and 4711?
7
Let y(g) = 988*g**2 - 61*g + 125. Let c be y(3). Calculate the highest common factor of c and 42.
14
Let b(m) = -56*m**3 - m**2 + m + 6. Let p(u) = -u**3 + 5*u**2 + 11*u + 19. Let k be p(7). Let w be b(k). What is the greatest common divisor of w and 28?
28
Let n = -20 + 32. Let a be 3/9*(-5 + 8/(-2)). Let v(d) = -d**3 - 3*d**2 - d + 1. Let r be v(a). Calculate the highest common factor of r and n.
4
Let u = -5458 + 5503. Calculate the greatest common divisor of 333 and u.
9
Let r = 421 + 19. Let q = -307 + r. Let y be 1/(-6) - (-575)/30. What is the greatest common factor of y and q?
19
Let b be (2*3 - (-3115)/(-534))/(2/24). What is the highest common divisor of 18 and b?
2
Let v be 55/(-1870) - (-32573)/34. Calculate the highest common divisor of 18 and v.
2
Let u(d) = 2*d**3 + 7*d**2 - 97*d - 24. Let i be u(7). Calculate the greatest common factor of 8 and i.
2
Let q = 242 - 235. Let s be (26*(q + -6))/2. Let f(t) = -27*t - 4. Let w be f(-4). What is the highest common factor of s and w?
13
Suppose -2*z + 24 = -12*o + 17*o, -2*z - o = -32. Let p = -50 + 186. What is the highest common divisor of p and z?
17
Let q(a) = -2*a**2 + 11*a + 6. Let g be q(8). Suppose 69 + 29 = 2*u. Let r = g + u. What is the greatest common divisor of 3 and r?
3
Let d = -55 + 65. Suppose a - 30 = d. Suppose 4*b - 19 - 1 = 0. Calculate the greatest common divisor of b and a.
5
Suppose -5*f = -3*t + 8, 3*f - 4341 = 3*t - 4353. Suppose -5 = -4*a + 43. Calculate the greatest common divisor of a and t.
6
Suppose -21*m - 35*m - 19*m = -5400. Calculate the highest common divisor of m and 441.
9
Suppose -30 = 5*l, 3*x - 9*l + 7*l = 2256. What is the highest common factor of 935 and x?
187
Let h = -1825 - -1852. Suppose -771 = -2*x - 235. Suppose 3*o - o = -r + 133, 0 = 2*r + 2*o - x. What is the greatest common factor of r and h?
27
Let y be 28/63 + (-2940)/(-189). What is the h